{"id":1029,"date":"2023-07-11T15:47:00","date_gmt":"2023-07-11T19:47:00","guid":{"rendered":"https:\/\/www.altimatel.com\/content\/?page_id=1029"},"modified":"2023-07-24T17:38:40","modified_gmt":"2023-07-24T21:38:40","slug":"amplificateur-wi-fi-6-redemarrage-de-votre-modem-ou-de-votre-passerelle","status":"publish","type":"page","link":"https:\/\/www.altimatel.com\/content\/?page_id=1029&lang=fr","title":{"rendered":"Amplificateur\u00a0Wi-Fi\u00a06\u00a0: Red\u00e9marrage de votre modem ou de votre passerelle"},"content":{"rendered":"\n<h2 class=\"wp-block-heading\"><strong><strong>Amplificateur&nbsp;Wi-Fi&nbsp;6&nbsp;: Red\u00e9marrage de votre modem ou de votre passerelle<\/strong><\/strong><\/h2>\n\n\n\n<p><strong>\u00c9tape\u00a01\u00a0: Localisez votre modem ou votre passerelle.<\/strong><\/p>\n\n\n\n<p>Vous pouvez g\u00e9n\u00e9ralement trouver votre modem ou votre passerelle pr\u00e8s d\u2019une prise t\u00e9l\u00e9phonique, pr\u00e8s d\u2019un panneau \u00e9lectrique ou dans le local technique. Il devrait ressembler \u00e0 ce mod\u00e8le&nbsp;:<\/p>\n\n\n\n<figure class=\"wp-block-image size-large is-resized\"><img decoding=\"async\" loading=\"lazy\" src=\"https:\/\/www.altimatel.com\/v3\/assets\/dm1000.b0031176.png\" alt=\"\" width=\"374\" height=\"210\"\/><\/figure>\n\n\n\n<div style=\"height:100px\" aria-hidden=\"true\" class=\"wp-block-spacer\"><\/div>\n\n\n\n<p><strong>\u00c9tape\u00a02\u00a0: Red\u00e9marrez votre modem ou votre passerelle.<\/strong><\/p>\n\n\n\n<p>En cas de probl\u00e8me de connexion, un voyant rouge s\u2019allume sur WAN ou Alarm sur le modem ou la passerelle.<\/p>\n\n\n\n<p>Si vous avez un routeur s\u00e9par\u00e9, assurez-vous qu\u2019il est allum\u00e9 et connect\u00e9 au modem par un c\u00e2ble r\u00e9seau au port WAN ou GIGE de votre routeur, selon le modem que vous avez.<\/p>\n\n\n\n<p>Attention&nbsp;: Le d\u00e9placement ou le d\u00e9branchement du connecteur de fibre optique peut n\u00e9cessiter des manipulations \u00e0 proximit\u00e9 de votre panneau \u00e9lectrique. Veillez \u00e0 ne pas toucher votre panneau \u00e9lectrique.<\/p>\n\n\n\n<ul type=\"1\" start=\"1\" style=\"list-style: decimal\">\n<li>Pour red\u00e9marrer votre modem, appuyez sur le bouton noir allumer\/\u00e9teindre situ\u00e9 sur le c\u00f4t\u00e9 droit du terminal.<\/li>\n<li>Attendez une \u00e0 deux minutes pour que votre terminal red\u00e9marre. Une fois qu\u2019il sera red\u00e9marr\u00e9, vous verrez un voyant d\u2019alimentation vert et un voyant LAN\u00a01 vert.<\/li>\n<li>Il faudra deux\u00a0minutes au modem ou \u00e0 la passerelle pour red\u00e9marrer.<\/li>\n<li>D\u00e9branchez le c\u00e2ble d\u2019alimentation du modem ou de la passerelle, attendez 30\u00a0secondes et rebranchez-le.<\/li>\n<li>Apr\u00e8s le red\u00e9marrage, v\u00e9rifiez que vous \u00eates connect\u00e9 \u00e0 votre r\u00e9seau local, puis testez votre connexion en lan\u00e7ant votre navigateur. Assurez-vous qu\u2019un c\u00e2ble r\u00e9seau est connect\u00e9 \u00e0 l\u2019un des ports LAN du modem (1-4) et au port LAN de votre PC.<\/li>\n\n<\/ul>\n","protected":false},"excerpt":{"rendered":"<p>Amplificateur&nbsp;Wi-Fi&nbsp;6&nbsp;: Red\u00e9marrage de votre modem ou de votre passerelle \u00c9tape\u00a01\u00a0: Localisez votre modem ou votre passerelle. Vous pouvez g\u00e9n\u00e9ralement trouver votre modem ou votre passerelle pr\u00e8s d\u2019une prise t\u00e9l\u00e9phonique, pr\u00e8s d\u2019un panneau \u00e9lectrique ou dans le local technique. Il devrait ressembler \u00e0 ce mod\u00e8le&nbsp;: \u00c9tape\u00a02\u00a0: Red\u00e9marrez votre modem ou votre passerelle. En cas de probl\u00e8me [&hellip;]<\/p>\n","protected":false},"author":1,"featured_media":0,"parent":0,"menu_order":0,"comment_status":"closed","ping_status":"closed","template":"page-templates\/single-column.php","meta":{"_links_to":"","_links_to_target":""},"_links":{"self":[{"href":"https:\/\/www.altimatel.com\/content\/index.php?rest_route=\/wp\/v2\/pages\/1029"}],"collection":[{"href":"https:\/\/www.altimatel.com\/content\/index.php?rest_route=\/wp\/v2\/pages"}],"about":[{"href":"https:\/\/www.altimatel.com\/content\/index.php?rest_route=\/wp\/v2\/types\/page"}],"author":[{"embeddable":true,"href":"https:\/\/www.altimatel.com\/content\/index.php?rest_route=\/wp\/v2\/users\/1"}],"replies":[{"embeddable":true,"href":"https:\/\/www.altimatel.com\/content\/index.php?rest_route=%2Fwp%2Fv2%2Fcomments&post=1029"}],"version-history":[{"count":6,"href":"https:\/\/www.altimatel.com\/content\/index.php?rest_route=\/wp\/v2\/pages\/1029\/revisions"}],"predecessor-version":[{"id":1147,"href":"https:\/\/www.altimatel.com\/content\/index.php?rest_route=\/wp\/v2\/pages\/1029\/revisions\/1147"}],"wp:attachment":[{"href":"https:\/\/www.altimatel.com\/content\/index.php?rest_route=%2Fwp%2Fv2%2Fmedia&parent=1029"}],"curies":[{"name":"wp","href":"https:\/\/api.w.org\/{rel}","templated":true}]}}