{"id":1036,"date":"2023-07-11T15:56:38","date_gmt":"2023-07-11T19:56:38","guid":{"rendered":"https:\/\/www.altimatel.com\/content\/?page_id=1036"},"modified":"2023-07-27T02:33:33","modified_gmt":"2023-07-27T06:33:33","slug":"amplificateur-wi-fi-6-changement-de-ssid-et-de-mot-de-passe","status":"publish","type":"page","link":"https:\/\/www.altimatel.com\/content\/?page_id=1036&lang=fr","title":{"rendered":"Amplificateur Wi-Fi 6 : Changement de SSID et de mot de passe"},"content":{"rendered":"\n<h2 class=\"wp-block-heading\"><strong><strong>Amplificateur Wi-Fi 6 : Changement de SSID et de mot de passe<\/strong><\/strong><\/h2>\n\n\n\n<figure class=\"wp-block-table\"><table><tbody><tr><td style=\"text-align:center;\"><b>\u00c9tape<\/b><\/td><td colspan=\"2\" style=\"text-align:center;\"><b>Action<\/b><\/td><\/tr><tr><td rowspan=\"2\" style=\"width:100px;text-align:center;\">1<\/td><td>Interface utilisateur graphique<\/td><td>\u25cf&nbsp;&nbsp;&nbsp;&nbsp;&nbsp; Utilisez l\u2019adresse&nbsp;IP&nbsp;par d\u00e9faut du routeur de Wi-Fi&nbsp;6 amplifi\u00e9.<br>\u25cf&nbsp;&nbsp;&nbsp;&nbsp;&nbsp; Entrez l\u2019adresse IP dans la fen\u00eatre du navigateur. Utilisez les identifiants figurant sur l\u2019autocollant (enlevez le bo\u00eetier inf\u00e9rieur, les renseignements sont inscrits sur le m\u00eame autocollant que les renseignements sur les DEL) pour acc\u00e9der \u00e0 l\u2019interface utilisateur du routeur de Wi-Fi&nbsp;6 amplifi\u00e9.<\/td><\/tr><tr><td>InSight<\/td><td>\u25cf&nbsp;&nbsp;&nbsp;&nbsp;&nbsp; Trouvez l\u2019adresse IP du routeur de Wi-Fi&nbsp;6 amplifi\u00e9 dans InSight.<br>\u25cf&nbsp;&nbsp;&nbsp;&nbsp;&nbsp; Entrez l\u2019adresse IP dans la fen\u00eatre du navigateur. Utilisez les identifiants figurant sur l\u2019autocollant (enlevez le bo\u00eetier inf\u00e9rieur, les renseignements sont inscrits sur le m\u00eame autocollant que les renseignements sur les DEL) pour acc\u00e9der \u00e0 l\u2019interface du Wi-Fi&nbsp;6 amplifi\u00e9.<\/td><\/tr><tr><td style=\"text-align:center;\">2<\/td><td colspan=\"2\">Cliquez sur l\u2019<a href=\"about:blank\">en-t\u00eate Wireless (sans fil)<\/a>.<\/td><\/tr><tr><td style=\"text-align:center;\">3<\/td><td colspan=\"2\">Par d\u00e9faut, l\u2019<a href=\"about:blank\">onglet AP (point d\u2019acc\u00e8s)<\/a> devrait s\u2019ouvrir. Modifiez le SSID ou le mot de passe et cliquez sur Save (enregistrer).<\/td><\/tr><tr><td style=\"text-align:center;\">4<\/td><td colspan=\"2\">Attendez 1 ou 2&nbsp;minutes pour que les param\u00e8tres soient appliqu\u00e9s. Le nouveau nom de r\u00e9seau devrait appara\u00eetre comme \u00e9tant accessible pour que vos appareils Wi-Fi s\u2019y connectent.<\/td><\/tr><\/tbody><\/table><\/figure>\n","protected":false},"excerpt":{"rendered":"<p>Amplificateur Wi-Fi 6 : Changement de SSID et de mot de passe \u00c9tape Action 1 Interface utilisateur graphique \u25cf&nbsp;&nbsp;&nbsp;&nbsp;&nbsp; Utilisez l\u2019adresse&nbsp;IP&nbsp;par d\u00e9faut du routeur de Wi-Fi&nbsp;6 amplifi\u00e9.\u25cf&nbsp;&nbsp;&nbsp;&nbsp;&nbsp; Entrez l\u2019adresse IP dans la fen\u00eatre du navigateur. Utilisez les identifiants figurant sur l\u2019autocollant (enlevez le bo\u00eetier inf\u00e9rieur, les renseignements sont inscrits sur le m\u00eame autocollant que les [&hellip;]<\/p>\n","protected":false},"author":1,"featured_media":0,"parent":0,"menu_order":0,"comment_status":"closed","ping_status":"closed","template":"page-templates\/single-column.php","meta":{"_links_to":"","_links_to_target":""},"_links":{"self":[{"href":"https:\/\/www.altimatel.com\/content\/index.php?rest_route=\/wp\/v2\/pages\/1036"}],"collection":[{"href":"https:\/\/www.altimatel.com\/content\/index.php?rest_route=\/wp\/v2\/pages"}],"about":[{"href":"https:\/\/www.altimatel.com\/content\/index.php?rest_route=\/wp\/v2\/types\/page"}],"author":[{"embeddable":true,"href":"https:\/\/www.altimatel.com\/content\/index.php?rest_route=\/wp\/v2\/users\/1"}],"replies":[{"embeddable":true,"href":"https:\/\/www.altimatel.com\/content\/index.php?rest_route=%2Fwp%2Fv2%2Fcomments&post=1036"}],"version-history":[{"count":5,"href":"https:\/\/www.altimatel.com\/content\/index.php?rest_route=\/wp\/v2\/pages\/1036\/revisions"}],"predecessor-version":[{"id":1180,"href":"https:\/\/www.altimatel.com\/content\/index.php?rest_route=\/wp\/v2\/pages\/1036\/revisions\/1180"}],"wp:attachment":[{"href":"https:\/\/www.altimatel.com\/content\/index.php?rest_route=%2Fwp%2Fv2%2Fmedia&parent=1036"}],"curies":[{"name":"wp","href":"https:\/\/api.w.org\/{rel}","templated":true}]}}